{"id":135,"date":"2015-04-24T11:34:26","date_gmt":"2015-04-24T09:34:26","guid":{"rendered":"http:\/\/www.perpetuus.ch\/?page_id=135"},"modified":"2015-06-23T15:28:35","modified_gmt":"2015-06-23T13:28:35","slug":"handelssignale","status":"publish","type":"page","link":"https:\/\/www.perpetuus.ch\/?page_id=135","title":{"rendered":"Handelssignale"},"content":{"rendered":"<p><a href=\"http:\/\/www.perpetuus.ch\/wp-content\/uploads\/2015\/04\/handelssignale.jpg\"><img loading=\"lazy\" decoding=\"async\" class=\" size-full wp-image-285 alignright\" src=\"http:\/\/www.perpetuus.ch\/wp-content\/uploads\/2015\/04\/handelssignale.jpg\" alt=\"handelssignale\" width=\"500\" height=\"333\" srcset=\"https:\/\/www.perpetuus.ch\/wp-content\/uploads\/2015\/04\/handelssignale.jpg 500w, https:\/\/www.perpetuus.ch\/wp-content\/uploads\/2015\/04\/handelssignale-300x200.jpg 300w, https:\/\/www.perpetuus.ch\/wp-content\/uploads\/2015\/04\/handelssignale-140x94.jpg 140w\" sizes=\"auto, (max-width: 500px) 100vw, 500px\" \/><\/a>Handelssignale TST 9<\/p>\n<p>Sie haben die M\u00f6glichkeit \u00fcber uns Handelssignale f\u00fcr das Day Trading zu abonnieren.<\/p>\n<p>Diese Handelssignale k\u00f6nnen Sie dann nach eigenem Ermessen auf Ihrem IB Konto ausf\u00fchren.<\/p>\n<p>Die TST-9 Handelssignale bestehen aus mehreren Handelssystemen, welche 14 Einzelstrategien mit den Produkten Bund-, Dax- und EuroStoxx-Future, sowie auf Dax-Kasse umsetzen. Die Strategien bauen auf einem Trend als auch Countertrendansatz auf und positionieren sich mit und gegen den vorherrschenden Trend.<\/p>\n<p>Es handelt sich dabei um Strategien, die auf Algorithmen basieren und somit Subjektivit\u00e4t und Emotionen ausschlie\u00dfen. In der Umsetzung ist die Maximierung der Performance nicht das wichtigste Ziel. Vielmehr ist es wichtig durch diverse Methoden, Sensitivit\u00e4tsanalysen, Monte-Carlo Simulationen, Handelsalgorithmen im Portfolio eine hohe langfristige stetige positive risikoadjustierte Performance zu erzielen.<\/p>\n<p>Die Strategien basieren auf dem Konzept der Divergenzanalyse und setzen auf die konsequente Umsetzung der Divergenzsignale. Dieses klassische Konzept der Preismustererkennung wird durch weitere moderne Filtermethoden und Zeitreihenkompressionen erg\u00e4nzt. Bei den Zeitreihenkompressionen werden zeitunabh\u00e4ngige Datenreihen generiert, welche nur die Dynamik der Marktbewegung widerspiegeln und den Zeitfaktor vollst\u00e4ndig ignoriert.<\/p>\n<p>&nbsp;<\/p>\n<p><strong><span style=\"text-decoration: underline;\">Absolut Return Ansatz:<\/span><\/strong><\/p>\n<p>Erzielen einer positiven, risikooptimierten, stetigen Rendite, unabh\u00e4ngig von der Bewegungsrichtung der zu Grunde liegenden M\u00e4rkte und Finanzinstrumente.<\/p>\n<p>&nbsp;<\/p>\n<p><strong><span style=\"text-decoration: underline;\">Systematischer Ansatz:<\/span><\/strong><\/p>\n<p>Alle Positionierungen erfolgen durch einen technisch quantitativen Ansatz. Die festgelegten Algorithmen werden systematisch und automatisch umgesetzt.<\/p>\n<p>&nbsp;<\/p>\n<p><strong><span style=\"text-decoration: underline;\">Minimale Expositionsdauer im Markt:<\/span><\/strong><\/p>\n<p>Eingegangene Positionen werden nur so lange wie unbedingt n\u00f6tig gehalten. Dadurch sind die Assets nur minimal den Marktrisiken ausgesetzt. Over all ist das Portfolio nur zu knapp 30% der Zeit positioniert.<\/p>\n<p>&nbsp;<\/p>\n<p><strong><span style=\"text-decoration: underline;\">Marktliquidit\u00e4t <\/span><\/strong><\/p>\n<p>Es wird ausschlie\u00dflich in b\u00f6rsennotierte, hochliquide Instrumente investiert.<\/p>\n","protected":false},"excerpt":{"rendered":"<p>Handelssignale TST 9 Sie haben die M\u00f6glichkeit \u00fcber uns Handelssignale f\u00fcr das Day Trading zu abonnieren. Diese Handelssignale k\u00f6nnen Sie dann nach eigenem Ermessen auf Ihrem IB Konto ausf\u00fchren. Die TST-9 Handelssignale bestehen aus mehreren Handelssystemen, welche 14 Einzelstrategien mit den Produkten Bund-, Dax- und EuroStoxx-Future, sowie auf Dax-Kasse umsetzen. Die Strategien bauen auf einem [&hellip;]<\/p>\n","protected":false},"author":1,"featured_media":0,"parent":0,"menu_order":0,"comment_status":"open","ping_status":"open","template":"page-full.php","meta":{"footnotes":""},"class_list":["post-135","page","type-page","status-publish","hentry"],"_links":{"self":[{"href":"https:\/\/www.perpetuus.ch\/index.php?rest_route=\/wp\/v2\/pages\/135","targetHints":{"allow":["GET"]}}],"collection":[{"href":"https:\/\/www.perpetuus.ch\/index.php?rest_route=\/wp\/v2\/pages"}],"about":[{"href":"https:\/\/www.perpetuus.ch\/index.php?rest_route=\/wp\/v2\/types\/page"}],"author":[{"embeddable":true,"href":"https:\/\/www.perpetuus.ch\/index.php?rest_route=\/wp\/v2\/users\/1"}],"replies":[{"embeddable":true,"href":"https:\/\/www.perpetuus.ch\/index.php?rest_route=%2Fwp%2Fv2%2Fcomments&post=135"}],"version-history":[{"count":7,"href":"https:\/\/www.perpetuus.ch\/index.php?rest_route=\/wp\/v2\/pages\/135\/revisions"}],"predecessor-version":[{"id":304,"href":"https:\/\/www.perpetuus.ch\/index.php?rest_route=\/wp\/v2\/pages\/135\/revisions\/304"}],"wp:attachment":[{"href":"https:\/\/www.perpetuus.ch\/index.php?rest_route=%2Fwp%2Fv2%2Fmedia&parent=135"}],"curies":[{"name":"wp","href":"https:\/\/api.w.org\/{rel}","templated":true}]}}