{"id":198,"date":"2015-05-14T19:10:19","date_gmt":"2015-05-14T17:10:19","guid":{"rendered":"http:\/\/www.perpetuus.ch\/?page_id=198"},"modified":"2015-06-23T13:50:52","modified_gmt":"2015-06-23T11:50:52","slug":"ib","status":"publish","type":"page","link":"https:\/\/www.perpetuus.ch\/?page_id=198","title":{"rendered":"IB &#8211; Interactive Brokers"},"content":{"rendered":"<p><a href=\"http:\/\/www.perpetuus.ch\/wp-content\/uploads\/2015\/05\/ib-perpetuus.jpg\"><img loading=\"lazy\" decoding=\"async\" class=\" size-full wp-image-293 alignright\" src=\"http:\/\/www.perpetuus.ch\/wp-content\/uploads\/2015\/05\/ib-perpetuus.jpg\" alt=\"ib-perpetuus\" width=\"500\" height=\"500\" srcset=\"https:\/\/www.perpetuus.ch\/wp-content\/uploads\/2015\/05\/ib-perpetuus.jpg 500w, https:\/\/www.perpetuus.ch\/wp-content\/uploads\/2015\/05\/ib-perpetuus-150x150.jpg 150w, https:\/\/www.perpetuus.ch\/wp-content\/uploads\/2015\/05\/ib-perpetuus-300x300.jpg 300w, https:\/\/www.perpetuus.ch\/wp-content\/uploads\/2015\/05\/ib-perpetuus-184x184.jpg 184w\" sizes=\"auto, (max-width: 500px) 100vw, 500px\" \/><\/a>Seit 38 Jahren wendet sich die IB Gruppe<sup>\u00a0<\/sup> der Entwicklung und Technologie des elektronischen Handels zu, welche professionellen H\u00e4ndlern und Investoren weltweit erhebliche Vorteile bringt. Die Interactive Brokers Group und ihre verbundenen Unternehmen verf\u00fcgen \u00fcber ein Eigenkapital von mehr als $5 Milliarden. IB ist der gr\u00f6sste elektronische Broker in den USA, gem\u00e4ss dem durchschnittlichen Tages-Handelsvolumen, erzielt IB \u00fcber 633,000 Trades pro Tag. Entdecken Sie einige der Gr\u00fcnde, warum sich professionelle H\u00e4ndler und Investoren f\u00fcr IB entscheiden.<\/p>\n<ul>\n<li>IB bietet um 82% tiefere Margin Kreditzinsen als der Durchschnitt unserer 6 Top-Konkurrenten.<\/li>\n<li>Die Automatisierung eines jeden betriebsinternen Aspektes unseres Handelsprozesses erm\u00f6glicht es uns, ultra-tiefe Kommissionen anbieten zu k\u00f6nnen.<\/li>\n<li>IB SmartRouting\u2120ist ein Tool, dass auf das Suchen und Finden des bestm\u00f6glichen Preises zur Zeit Ihrer Ordereingabe ausgelegt ist. Es erlaubt Ihnen die bestm\u00f6gliche Ausf\u00fchrung zu erhalten.<\/li>\n<li>Laut der Transaction Auditing Group, Inc., (TAG), einer der f\u00fchrenden, unabh\u00e4ngigen Pr\u00fcfungsstellen f\u00fcr die Qualit\u00e4t von Handelsausf\u00fchrungen in der Tradingbranche, registrierte man im Vergleich zu einem vorab ermittelten Branchendurchschnitt\u00a0 w\u00e4hrend des ersten Halbjahres 2014, deutliche Preisvorteile bei US Aktien und Optionen bei Interactive Brokers<\/li>\n<li>Ausf\u00fchrungen in 100 B\u00f6rsenpl\u00e4tzen in 24 L\u00e4ndern. Sie erhalten direkten Marktzugang zu Aktien, Optionen, Futures, Forex, Anleihen, Fonds und CFDs \u00fcber ein einzelnes Konto: Das IB Universal Account\u2122. T\u00e4tigen Sie Einlagen in verschiedenen W\u00e4hrungen.<\/li>\n<li>Die von Market-Makern gestaltete Trader Workstation (TWS) optimiert Ihre Handelsgeschwindigkeit und Effizienz durch eine einzelne, verst\u00e4ndliche Arbeitsoberfl\u00e4che.<\/li>\n<li>Das Interactive Brokers Informations System (IBIS), unser verst\u00e4ndliches Recherche und News add-on zur TWS, bietet Ihnen Zugang zu den wichtigsten Nachrichten und Analysen, um Ihnen den entscheidenden Wissensvorteil zu verschaffen.<\/li>\n<li>Hochenwickelte TWS Trading Tools wie der OptionTrader, FXTrader, BookTrader und die Accumulate\/Distribute Anwedung bieten produktspezifische Ordermodule an, die auf Ihre Trading Bed\u00fcrfnisse zugeschnitten sind.<\/li>\n<li>Fortschrittliche Algorithmus-Applikationen und Auftrags Typen helfen den einzelnen H\u00e4ndler mehrere Auftr\u00e4ge mit grossem Volumen gleichzeitig zu \u00fcberwachen, um die bestm\u00f6gliche Ausf\u00fchrung zu erzielen.<\/li>\n<li>Einfache, direkte Verbindung zu unserem Handelssystem durch TWS APIs oder mittels Benutzung unserer CTCI FIX Schnittstelle.<\/li>\n<li>Unsere mobilen Anwendungen sind auf den aktuell popul\u00e4rsten Ger\u00e4ten erh\u00e4ltlich (iPhone, iPad und Android).<\/li>\n<li>Das umfangreiche Angebot im Bereich Wertpapierfinanzierung (z.B. Wertpapierleihgesch\u00e4fte) umfasst den AQS\u00ae Marktplatz, das Short Stock Availability Tool (welche Aktien stehen zum Leerverkauf zur Verf\u00fcgung), unser popul\u00e4res Stock Yield Enhancement Programm (verleihen Sie Ihre voll-bezahlten Aktien entgeltlich); und unser Pre-Borrow Programm (eine Aktien-Leihe wird im Voraus arrangiert, betrifft v.a. sog. hard to borrow Aktien)<\/li>\n<li>Echtzeit Risikomanagement f\u00fcr Cash, Reg T, Portfolio Margin und Commodities Konten.<\/li>\n<\/ul>\n","protected":false},"excerpt":{"rendered":"<p>Seit 38 Jahren wendet sich die IB Gruppe\u00a0 der Entwicklung und Technologie des elektronischen Handels zu, welche professionellen H\u00e4ndlern und Investoren weltweit erhebliche Vorteile bringt. Die Interactive Brokers Group und ihre verbundenen Unternehmen verf\u00fcgen \u00fcber ein Eigenkapital von mehr als $5 Milliarden. IB ist der gr\u00f6sste elektronische Broker in den USA, gem\u00e4ss dem durchschnittlichen Tages-Handelsvolumen, [&hellip;]<\/p>\n","protected":false},"author":1,"featured_media":0,"parent":0,"menu_order":0,"comment_status":"open","ping_status":"open","template":"page-full.php","meta":{"footnotes":""},"class_list":["post-198","page","type-page","status-publish","hentry"],"_links":{"self":[{"href":"https:\/\/www.perpetuus.ch\/index.php?rest_route=\/wp\/v2\/pages\/198","targetHints":{"allow":["GET"]}}],"collection":[{"href":"https:\/\/www.perpetuus.ch\/index.php?rest_route=\/wp\/v2\/pages"}],"about":[{"href":"https:\/\/www.perpetuus.ch\/index.php?rest_route=\/wp\/v2\/types\/page"}],"author":[{"embeddable":true,"href":"https:\/\/www.perpetuus.ch\/index.php?rest_route=\/wp\/v2\/users\/1"}],"replies":[{"embeddable":true,"href":"https:\/\/www.perpetuus.ch\/index.php?rest_route=%2Fwp%2Fv2%2Fcomments&post=198"}],"version-history":[{"count":7,"href":"https:\/\/www.perpetuus.ch\/index.php?rest_route=\/wp\/v2\/pages\/198\/revisions"}],"predecessor-version":[{"id":294,"href":"https:\/\/www.perpetuus.ch\/index.php?rest_route=\/wp\/v2\/pages\/198\/revisions\/294"}],"wp:attachment":[{"href":"https:\/\/www.perpetuus.ch\/index.php?rest_route=%2Fwp%2Fv2%2Fmedia&parent=198"}],"curies":[{"name":"wp","href":"https:\/\/api.w.org\/{rel}","templated":true}]}}