{"id":98,"date":"2015-04-24T11:24:03","date_gmt":"2015-04-24T09:24:03","guid":{"rendered":"http:\/\/www.perpetuus.ch\/?page_id=98"},"modified":"2015-05-14T19:50:00","modified_gmt":"2015-05-14T17:50:00","slug":"mobiletrader","status":"publish","type":"page","link":"https:\/\/www.perpetuus.ch\/?page_id=98","title":{"rendered":"MobileTrader"},"content":{"rendered":"<p>Der TWS MobileTrader ist die ideale L\u00f6sung zum Handeln von Wertpapieren \u00fcber das Smartphone.<\/p>\n<p>Vorteile, die Ihnen der TWS MobileTrader bietet<\/p>\n<ul>\n<li>Aktien, Optionen, Futures, und Optionen handeln<\/li>\n<li>Echtzeit Kurse beobachten<\/li>\n<li>Orders eingeben und verwalten<\/li>\n<li>Orderstatus \u00fcberpr\u00fcfen<\/li>\n<li>Depotbest\u00e4nde kontrollieren<\/li>\n<li>Kontoausz\u00fcge abrufen<\/li>\n<\/ul>\n","protected":false},"excerpt":{"rendered":"<p>Der TWS MobileTrader ist die ideale L\u00f6sung zum Handeln von Wertpapieren \u00fcber das Smartphone. Vorteile, die Ihnen der TWS MobileTrader bietet Aktien, Optionen, Futures, und Optionen handeln Echtzeit Kurse beobachten Orders eingeben und verwalten Orderstatus \u00fcberpr\u00fcfen Depotbest\u00e4nde kontrollieren Kontoausz\u00fcge abrufen<\/p>\n","protected":false},"author":1,"featured_media":0,"parent":96,"menu_order":0,"comment_status":"open","ping_status":"open","template":"page-full.php","meta":{"footnotes":""},"class_list":["post-98","page","type-page","status-publish","hentry"],"_links":{"self":[{"href":"https:\/\/www.perpetuus.ch\/index.php?rest_route=\/wp\/v2\/pages\/98","targetHints":{"allow":["GET"]}}],"collection":[{"href":"https:\/\/www.perpetuus.ch\/index.php?rest_route=\/wp\/v2\/pages"}],"about":[{"href":"https:\/\/www.perpetuus.ch\/index.php?rest_route=\/wp\/v2\/types\/page"}],"author":[{"embeddable":true,"href":"https:\/\/www.perpetuus.ch\/index.php?rest_route=\/wp\/v2\/users\/1"}],"replies":[{"embeddable":true,"href":"https:\/\/www.perpetuus.ch\/index.php?rest_route=%2Fwp%2Fv2%2Fcomments&post=98"}],"version-history":[{"count":2,"href":"https:\/\/www.perpetuus.ch\/index.php?rest_route=\/wp\/v2\/pages\/98\/revisions"}],"predecessor-version":[{"id":205,"href":"https:\/\/www.perpetuus.ch\/index.php?rest_route=\/wp\/v2\/pages\/98\/revisions\/205"}],"up":[{"embeddable":true,"href":"https:\/\/www.perpetuus.ch\/index.php?rest_route=\/wp\/v2\/pages\/96"}],"wp:attachment":[{"href":"https:\/\/www.perpetuus.ch\/index.php?rest_route=%2Fwp%2Fv2%2Fmedia&parent=98"}],"curies":[{"name":"wp","href":"https:\/\/api.w.org\/{rel}","templated":true}]}}